{"id":12,"date":"2014-03-04T10:34:24","date_gmt":"2014-03-04T09:34:24","guid":{"rendered":"http:\/\/www.klausschuster.eu\/?page_id=12"},"modified":"2014-06-02T09:47:44","modified_gmt":"2014-06-02T07:47:44","slug":"vortrage","status":"publish","type":"page","link":"https:\/\/www.klausschuster.eu\/de\/vortrage\/","title":{"rendered":"Vortr\u00e4ge"},"content":{"rendered":"<p><\/p>\n<table border=\"0\">\n<tbody>\n<tr>\n<td valign=\"top\" width=\"110\"><img loading=\"lazy\" decoding=\"async\" class=\"alignnone size-full wp-image-501\" title=\"Klaus Schuster Vortrage\" alt=\"Klaus Schuster Vortrage\" src=\"http:\/\/www.klausschuster.eu\/wp-content\/uploads\/2014\/03\/Klaus-Schuster-Vortrage.jpg\" width=\"94\" height=\"94\" srcset=\"https:\/\/www.klausschuster.eu\/wp-content\/uploads\/2014\/03\/Klaus-Schuster-Vortrage.jpg 94w, https:\/\/www.klausschuster.eu\/wp-content\/uploads\/2014\/03\/Klaus-Schuster-Vortrage-90x90.jpg 90w\" sizes=\"auto, (max-width: 94px) 100vw, 94px\" \/><\/td>\n<td valign=\"top\">\n<h2>Tacheles-Vortr\u00e4ge mit Praxis-Power<\/h2>\n<p>Das Lustige an vielen Vortr\u00e4gen ist, dass der Referent keinerlei Ahnung von der Praxis hat. Woher auch? Er ist Uni-Prof (nichts gegen Unis oder Profs). Er ist Spitzensportler (nichts gegen Spitzensportler \u2013 aber was hat Freeclimbing mit Management zu tun?). Er ist professioneller Redner (aha, er kann Rhetorik \u2013 und sonst? Management? Menschen f\u00fchren? Erfolg erzielen \u2013 au\u00dferhalb einer B\u00fchne?).<\/p>\n<p>Damit keine Missverst\u00e4ndnisse entstehen: Ich finde diese Feuilleton-Vortr\u00e4ge unterhaltsamer als ein Ruhrpott-Derby (nichts gegen die unabsteigbaren Bochumer!) \u2013 aber was kann ich als F\u00fchrungskraft und Mensch davon lernen? Ich werde davon unterhalten \u2013 aber werde ich davon auch besser? Kompetenter? Durchsetzungsst\u00e4rker? Souver\u00e4ner? Erfolgreicher? Und Sie?<\/p>\n<p>Ich muss zugeben, dass ich niemals den Nobelpreis f\u00fcr Management bekommen werde (ah, Sie durchschauen den Kalauer, ich bin beeindruckt). Daf\u00fcr habe ich viel zu viel Ahnung von der Praxis. Daran bin ich selber schuld. Ich ging mit 15 (zum Leidwesen meiner Eltern) von der Schule ab, weil ich nicht mal so sehr Geld verdienen, aber arbeiten, bewegen, machen wollte! Seither mache ich das. Machen, managen, Praxis.<\/p>\n<p>Ob ich in Slowenien eine Bank interimsmanage, als Vorstand eine L\u00e4ndertochter gr\u00fcnde, in Hamburg ein Sales Team \u201ean der Kundenfront\u201c coache oder bei vielen renommierten Unternehmen ehrgeizige Projekte bewege \u2013 wenn Sie wissen wollen, wie die Praxis bei vielen interessanten Managern, Leadern, Unternehmern aussieht, dann sollten wir uns mal h\u00f6ren. Zum Beispiel zu den Themen:<\/p>\n<ul>\n<li><div class='dropdown_box '>\n\t<a href=\"#\" class=\"showmore\">\n\t\t<span class='view_modifier hide' data-show=\"More\" data-hide=\"Less\">More<\/span> Die S\u00fcnden der Manager \u2013 Kann denn F\u00fchrung S\u00fcnde sein?\t<\/a>\n\t<div class=\"inner_text hide\">\n\t\t<p><\/p>\n<table>\n<tbody>\n<tr>\n<td valign=\"top\" width=\"110\"><img loading=\"lazy\" decoding=\"async\" class=\"alignnone size-full wp-image-504\" title=\"Die S\u00fcnden der Manager\" alt=\"Die S\u00fcnden der Manager\" src=\"http:\/\/www.klausschuster.eu\/wp-content\/uploads\/2014\/03\/Klaus-Schuster-Die-Suden-der-Manager.jpg\" width=\"94\" height=\"94\" srcset=\"https:\/\/www.klausschuster.eu\/wp-content\/uploads\/2014\/03\/Klaus-Schuster-Die-Suden-der-Manager.jpg 94w, https:\/\/www.klausschuster.eu\/wp-content\/uploads\/2014\/03\/Klaus-Schuster-Die-Suden-der-Manager-90x90.jpg 90w\" sizes=\"auto, (max-width: 94px) 100vw, 94px\" \/><\/td>\n<td valign=\"top\">\n<ul>\n<li>Was Managements\u00fcnden sind und was sie nicht sind. Das Prinzip des Guten vom Schlechten: Erfolgreicher ist nicht, wer mehr leistet. Erfolgreicher ist, wer weniger Fehler macht.<\/li>\n<li>Kleine Tour de Force durch die \u201e11 Managements\u00fcnden\u201c mit laufendem Check-up: Meine? Wie oft? Wann? Wie intensiv?<\/li>\n<li>Negativbeispiele aus allen Management-Hierarchien.<\/li>\n<li>L\u00f6sungshilfen und L\u00f6sungsbeispiele aus der Praxis f\u00fcr die Praxis.<\/li>\n<li>Zuh\u00f6rer ermitteln die pers\u00f6nliche \u201eS\u00fcnde des Tages\u201c.<\/li>\n<li>Optional: Self-Commitment \u2013 Versuchungen, gegen die ich ab heute immun bin.<\/li>\n<\/ul>\n<\/td>\n<\/tr>\n<\/tbody>\n<\/table>\n<p>\n\t<\/div>\n<\/div>\n<\/li>\n<li><div class='dropdown_box '>\n\t<a href=\"#\" class=\"showmore\">\n\t\t<span class='view_modifier hide' data-show=\"Show\" data-hide=\"Hide\">Show<\/span> Keinen Bock mehr? Mehr Spa\u00df und Motivation im Management\t<\/a>\n\t<div class=\"inner_text hide\">\n\t\t<p><\/p>\n<table>\n<tbody>\n<tr>\n<td valign=\"top\" width=\"110\"><img loading=\"lazy\" decoding=\"async\" class=\"alignnone size-full wp-image-506\" title=\"Keinen Bock mehr\" alt=\"Keinen Bock mehr\" src=\"http:\/\/www.klausschuster.eu\/wp-content\/uploads\/2014\/03\/Klaus-Schuster-Keinen-Bock-mehr.jpg\" width=\"94\" height=\"94\" srcset=\"https:\/\/www.klausschuster.eu\/wp-content\/uploads\/2014\/03\/Klaus-Schuster-Keinen-Bock-mehr.jpg 94w, https:\/\/www.klausschuster.eu\/wp-content\/uploads\/2014\/03\/Klaus-Schuster-Keinen-Bock-mehr-90x90.jpg 90w\" sizes=\"auto, (max-width: 94px) 100vw, 94px\" \/><\/td>\n<td valign=\"top\">\n<ul>\n<li>wie jede Arbeit einen Riesenspa\u00df machen und aus jedem Job ein Traumjob werden kann<\/li>\n<li>wie Sie echten Spa\u00df kriegen und ungesunde Spa\u00df-Bumerangs zielsicher umschiffen<\/li>\n<li>dass Spa\u00dfbremsen l\u00f6sen nicht egoistisch ist, weil alle um Sie herum mehr Freude an Ihnen haben werden \u2013 beruflich und privat<\/li>\n<li>dass Erfolg durch Spa\u00df eine Sympathie schafft, die Ihnen neue T\u00fcren \u00f6ffnet und Herzen erobert<\/li>\n<li>dass Emotional Leadership keine Hirnchirurgie ist: Sie k\u00f6nnen das auch \u2013 schon nach einem Tag<\/li>\n<li>dass Emotionen managen kein Placebo f\u00fcr die Seele ist, sondern solides Handwerkszeug<\/li>\n<li>dass Emotional Leadership prophylaktisch wirkt: gegen Stress, Burnout, Ersch\u00f6pfungsdepression und berufliches Auf-der-Stelle-treten<\/li>\n<li>dass Emotional Leadership der st\u00e4rkste Turbolader f\u00fcr Ihre Leistungsf\u00e4higkeit ist!<\/li>\n<\/ul>\n<\/td>\n<\/tr>\n<\/tbody>\n<\/table>\n<p>\n\t<\/div>\n<\/div>\n<\/li>\n<li><div class='dropdown_box '>\n\t<a href=\"#\" class=\"showmore\">\n\t\t<span class='view_modifier hide' data-show=\"Show\" data-hide=\"Hide\">Show<\/span> Der freche Vogel f\u00e4ngt den Wurm! Die Trau-dich-Methode f\u00fcr Manager mit Mumm\t<\/a>\n\t<div class=\"inner_text hide\">\n\t\t<p><\/p>\n<table>\n<tbody>\n<tr>\n<td valign=\"top\" width=\"110\"><img loading=\"lazy\" decoding=\"async\" class=\"alignnone size-full wp-image-503\" title=\"Klaus Schuster Der freche Vogel\" alt=\"Klaus Schuster Der freche Vogel\" src=\"http:\/\/www.klausschuster.eu\/wp-content\/uploads\/2014\/03\/Klaus-Schuster-Der-freche-Vogel.jpg\" width=\"94\" height=\"94\" srcset=\"https:\/\/www.klausschuster.eu\/wp-content\/uploads\/2014\/03\/Klaus-Schuster-Der-freche-Vogel.jpg 94w, https:\/\/www.klausschuster.eu\/wp-content\/uploads\/2014\/03\/Klaus-Schuster-Der-freche-Vogel-90x90.jpg 90w\" sizes=\"auto, (max-width: 94px) 100vw, 94px\" \/><\/td>\n<td valign=\"top\">\n<ul>\n<li>Sieben \u00fcberraschende F\u00fchrungsprinzipien f\u00fcr mutige Manager<\/li>\n<li>Was an keiner Business School gelehrt wird: Frechheit schafft Freiheit<\/li>\n<li>L\u00e4stig, mutig, pers\u00f6nlich \u2013 authentisch managen<\/li>\n<li>20 Trau-dichs, um mehr Ziele schneller mit weniger Stress zu erreichen<\/li>\n<li>Trau dich, l\u00e4stig zu fallen, auch dir selbst \u2013 aber freundlich<\/li>\n<li>Mach es dir leicht: Warum den schweren Weg gehen, wenn der leichte besser geht?<\/li>\n<li>Sei so leicht! Die Wissenschaft. Mit Appreciative Inquiry und kleinen Schritten zum Ziel<\/li>\n<li>Trau dich! Jetzt!<\/li>\n<\/ul>\n<\/td>\n<\/tr>\n<\/tbody>\n<\/table>\n<p>\n\t<\/div>\n<\/div>\n<\/li>\n<li><div class='dropdown_box '>\n\t<a href=\"#\" class=\"showmore\">\n\t\t<span class='view_modifier hide' data-show=\"Show\" data-hide=\"Hide\">Show<\/span> Frech verkaufen. Die Trau-dich-Methode\t<\/a>\n\t<div class=\"inner_text hide\">\n\t\t<p><\/p>\n<table>\n<tbody>\n<tr>\n<td valign=\"top\" width=\"110\"><img loading=\"lazy\" decoding=\"async\" class=\"alignnone size-full wp-image-505\" title=\"Klaus Schuster Frech verkaufen\" alt=\"Klaus Schuster Frech verkaufen\" src=\"http:\/\/www.klausschuster.eu\/wp-content\/uploads\/2014\/03\/Klaus-Schuster-Frech-verkaufen.jpg\" width=\"94\" height=\"94\" srcset=\"https:\/\/www.klausschuster.eu\/wp-content\/uploads\/2014\/03\/Klaus-Schuster-Frech-verkaufen.jpg 94w, https:\/\/www.klausschuster.eu\/wp-content\/uploads\/2014\/03\/Klaus-Schuster-Frech-verkaufen-90x90.jpg 90w\" sizes=\"auto, (max-width: 94px) 100vw, 94px\" \/><\/td>\n<td valign=\"top\">\n<ul>\n<li>Wissen ist Mist. Machen ist Macht. Und Frech macht Umsatz<\/li>\n<li>Der Trau-Dich-Zyklus: Alles f\u00fcr den Kontakt<\/li>\n<li>Trau dich, pers\u00f6nlich zu werden. Sonst sind 30% Umsatz futsch<\/li>\n<li>Trau dich! Kontakte: L\u00e4stig sein, mit Witz Charme und einer Prise Intelligenz<\/li>\n<li>Trau dich! Termine: Mit der Camping-Methode sein Zelt im Sekretariat aufstellen<\/li>\n<li>Trau dich! Vorschl\u00e4ge: Dem Kunden vorschlagen, was er morgen braucht<\/li>\n<li>Trau dich! Angebote: Schnellere Angebote bringen schneller Erfolg. Und mehr!<\/li>\n<li>Trau dich! Abschluss: Konkret statt abstrakt. Und die Abschlussformel? \u00dcben, \u00fcben, \u00fcben!<\/li>\n<li>Trau dich! Empfehlungen: L\u00e4stig, pers\u00f6nlich und konkret zu mehr Empfehlungen<\/li>\n<\/ul>\n<\/td>\n<\/tr>\n<\/tbody>\n<\/table>\n<p>\n\t<\/div>\n<\/div>\n<\/li>\n<li>&#8230; oder zu jedem anderen Thema Ihrer Wahl.<\/li>\n<\/ul>\n<\/td>\n<\/tr>\n<tr>\n<td valign=\"top\" width=\"110\"><img loading=\"lazy\" decoding=\"async\" class=\"alignnone size-full wp-image-489\" title=\"Tina Poje\" alt=\"Tina Poje\" src=\"http:\/\/www.klausschuster.eu\/wp-content\/uploads\/2014\/03\/Tina-Poje.jpg\" width=\"94\" height=\"94\" srcset=\"https:\/\/www.klausschuster.eu\/wp-content\/uploads\/2014\/03\/Tina-Poje.jpg 94w, https:\/\/www.klausschuster.eu\/wp-content\/uploads\/2014\/03\/Tina-Poje-90x90.jpg 90w\" sizes=\"auto, (max-width: 94px) 100vw, 94px\" \/><\/td>\n<td valign=\"top\"><b>Was m\u00f6chten Sie gerne h\u00f6ren? <\/b><\/p>\n<p>Verraten Sie mir Ihr Lieblingsthema f\u00fcr einen exklusiven Vortrag in Ihrem Hause. F\u00fcr eine erste Kontaktaufnahme freut sich Tina Poje auf Ihren\u00a0Anruf\u00a0unter +386.40439536 oder Ihre\u00a0<a href=\"mailto:tp@klausschuster.eu\">E-Mail<\/a>.<\/td>\n<\/tr>\n<\/tbody>\n<\/table>\n<p><\/p>","protected":false},"excerpt":{"rendered":"<p>Tacheles-Vortr\u00e4ge mit Praxis-Power Das Lustige an vielen Vortr\u00e4gen ist, dass der Referent keinerlei Ahnung von der Praxis hat. Woher auch? Er ist Uni-Prof (nichts gegen Unis oder Profs). Er ist Spitzensportler (nichts gegen Spitzensportler \u2013 aber was hat Freeclimbing mit Management zu tun?). Er ist professioneller Redner (aha, er kann Rhetorik \u2013 und sonst? Management? [&hellip;]<\/p>\n","protected":false},"author":1,"featured_media":0,"parent":0,"menu_order":0,"comment_status":"closed","ping_status":"closed","template":"","meta":{"footnotes":""},"class_list":["post-12","page","type-page","status-publish","hentry"],"_links":{"self":[{"href":"https:\/\/www.klausschuster.eu\/de\/wp-json\/wp\/v2\/pages\/12","targetHints":{"allow":["GET"]}}],"collection":[{"href":"https:\/\/www.klausschuster.eu\/de\/wp-json\/wp\/v2\/pages"}],"about":[{"href":"https:\/\/www.klausschuster.eu\/de\/wp-json\/wp\/v2\/types\/page"}],"author":[{"embeddable":true,"href":"https:\/\/www.klausschuster.eu\/de\/wp-json\/wp\/v2\/users\/1"}],"replies":[{"embeddable":true,"href":"https:\/\/www.klausschuster.eu\/de\/wp-json\/wp\/v2\/comments?post=12"}],"version-history":[{"count":2,"href":"https:\/\/www.klausschuster.eu\/de\/wp-json\/wp\/v2\/pages\/12\/revisions"}],"predecessor-version":[{"id":743,"href":"https:\/\/www.klausschuster.eu\/de\/wp-json\/wp\/v2\/pages\/12\/revisions\/743"}],"wp:attachment":[{"href":"https:\/\/www.klausschuster.eu\/de\/wp-json\/wp\/v2\/media?parent=12"}],"curies":[{"name":"wp","href":"https:\/\/api.w.org\/{rel}","templated":true}]}}

Vorträge

<p></p>
<table border="0">
<tbody>
<tr>
<td valign="top" width="110"><img loading="lazy" decoding="async" class="alignnone size-full wp-image-501" title="Klaus Schuster Vortrage" alt="Klaus Schuster Vortrage" src="http://www.klausschuster.eu/wp-content/uploads/2014/03/Klaus-Schuster-Vortrage.jpg" width="94" height="94" srcset="https://www.klausschuster.eu/wp-content/uploads/2014/03/Klaus-Schuster-Vortrage.jpg 94w, https://www.klausschuster.eu/wp-content/uploads/2014/03/Klaus-Schuster-Vortrage-90x90.jpg 90w" sizes="auto, (max-width: 94px) 100vw, 94px" /></td>
<td valign="top">
<h2>Tacheles-Vorträge mit Praxis-Power</h2>
<p>Das Lustige an vielen Vorträgen ist, dass der Referent keinerlei Ahnung von der Praxis hat. Woher auch? Er ist Uni-Prof (nichts gegen Unis oder Profs). Er ist Spitzensportler (nichts gegen Spitzensportler – aber was hat Freeclimbing mit Management zu tun?). Er ist professioneller Redner (aha, er kann Rhetorik – und sonst? Management? Menschen führen? Erfolg erzielen – außerhalb einer Bühne?).</p>
<p>Damit keine Missverständnisse entstehen: Ich finde diese Feuilleton-Vorträge unterhaltsamer als ein Ruhrpott-Derby (nichts gegen die unabsteigbaren Bochumer!) – aber was kann ich als Führungskraft und Mensch davon lernen? Ich werde davon unterhalten – aber werde ich davon auch besser? Kompetenter? Durchsetzungsstärker? Souveräner? Erfolgreicher? Und Sie?</p>
<p>Ich muss zugeben, dass ich niemals den Nobelpreis für Management bekommen werde (ah, Sie durchschauen den Kalauer, ich bin beeindruckt). Dafür habe ich viel zu viel Ahnung von der Praxis. Daran bin ich selber schuld. Ich ging mit 15 (zum Leidwesen meiner Eltern) von der Schule ab, weil ich nicht mal so sehr Geld verdienen, aber arbeiten, bewegen, machen wollte! Seither mache ich das. Machen, managen, Praxis.</p>
<p>Ob ich in Slowenien eine Bank interimsmanage, als Vorstand eine Ländertochter gründe, in Hamburg ein Sales Team „an der Kundenfront“ coache oder bei vielen renommierten Unternehmen ehrgeizige Projekte bewege – wenn Sie wissen wollen, wie die Praxis bei vielen interessanten Managern, Leadern, Unternehmern aussieht, dann sollten wir uns mal hören. Zum Beispiel zu den Themen:</p>
<ul>
<li><div class='dropdown_box '>
	<a href="#" class="showmore">
		<span class='view_modifier hide' data-show="More" data-hide="Less">More</span> Die Sünden der Manager – Kann denn Führung Sünde sein?	</a>
	<div class="inner_text hide">
		<p></p>
<table>
<tbody>
<tr>
<td valign="top" width="110"><img loading="lazy" decoding="async" class="alignnone size-full wp-image-504" title="Die Sünden der Manager" alt="Die Sünden der Manager" src="http://www.klausschuster.eu/wp-content/uploads/2014/03/Klaus-Schuster-Die-Suden-der-Manager.jpg" width="94" height="94" srcset="https://www.klausschuster.eu/wp-content/uploads/2014/03/Klaus-Schuster-Die-Suden-der-Manager.jpg 94w, https://www.klausschuster.eu/wp-content/uploads/2014/03/Klaus-Schuster-Die-Suden-der-Manager-90x90.jpg 90w" sizes="auto, (max-width: 94px) 100vw, 94px" /></td>
<td valign="top">
<ul>
<li>Was Managementsünden sind und was sie nicht sind. Das Prinzip des Guten vom Schlechten: Erfolgreicher ist nicht, wer mehr leistet. Erfolgreicher ist, wer weniger Fehler macht.</li>
<li>Kleine Tour de Force durch die „11 Managementsünden“ mit laufendem Check-up: Meine? Wie oft? Wann? Wie intensiv?</li>
<li>Negativbeispiele aus allen Management-Hierarchien.</li>
<li>Lösungshilfen und Lösungsbeispiele aus der Praxis für die Praxis.</li>
<li>Zuhörer ermitteln die persönliche „Sünde des Tages“.</li>
<li>Optional: Self-Commitment – Versuchungen, gegen die ich ab heute immun bin.</li>
</ul>
</td>
</tr>
</tbody>
</table>
<p>
	</div>
</div>
</li>
<li><div class='dropdown_box '>
	<a href="#" class="showmore">
		<span class='view_modifier hide' data-show="Show" data-hide="Hide">Show</span> Keinen Bock mehr? Mehr Spaß und Motivation im Management	</a>
	<div class="inner_text hide">
		<p></p>
<table>
<tbody>
<tr>
<td valign="top" width="110"><img loading="lazy" decoding="async" class="alignnone size-full wp-image-506" title="Keinen Bock mehr" alt="Keinen Bock mehr" src="http://www.klausschuster.eu/wp-content/uploads/2014/03/Klaus-Schuster-Keinen-Bock-mehr.jpg" width="94" height="94" srcset="https://www.klausschuster.eu/wp-content/uploads/2014/03/Klaus-Schuster-Keinen-Bock-mehr.jpg 94w, https://www.klausschuster.eu/wp-content/uploads/2014/03/Klaus-Schuster-Keinen-Bock-mehr-90x90.jpg 90w" sizes="auto, (max-width: 94px) 100vw, 94px" /></td>
<td valign="top">
<ul>
<li>wie jede Arbeit einen Riesenspaß machen und aus jedem Job ein Traumjob werden kann</li>
<li>wie Sie echten Spaß kriegen und ungesunde Spaß-Bumerangs zielsicher umschiffen</li>
<li>dass Spaßbremsen lösen nicht egoistisch ist, weil alle um Sie herum mehr Freude an Ihnen haben werden – beruflich und privat</li>
<li>dass Erfolg durch Spaß eine Sympathie schafft, die Ihnen neue Türen öffnet und Herzen erobert</li>
<li>dass Emotional Leadership keine Hirnchirurgie ist: Sie können das auch – schon nach einem Tag</li>
<li>dass Emotionen managen kein Placebo für die Seele ist, sondern solides Handwerkszeug</li>
<li>dass Emotional Leadership prophylaktisch wirkt: gegen Stress, Burnout, Erschöpfungsdepression und berufliches Auf-der-Stelle-treten</li>
<li>dass Emotional Leadership der stärkste Turbolader für Ihre Leistungsfähigkeit ist!</li>
</ul>
</td>
</tr>
</tbody>
</table>
<p>
	</div>
</div>
</li>
<li><div class='dropdown_box '>
	<a href="#" class="showmore">
		<span class='view_modifier hide' data-show="Show" data-hide="Hide">Show</span> Der freche Vogel fängt den Wurm! Die Trau-dich-Methode für Manager mit Mumm	</a>
	<div class="inner_text hide">
		<p></p>
<table>
<tbody>
<tr>
<td valign="top" width="110"><img loading="lazy" decoding="async" class="alignnone size-full wp-image-503" title="Klaus Schuster Der freche Vogel" alt="Klaus Schuster Der freche Vogel" src="http://www.klausschuster.eu/wp-content/uploads/2014/03/Klaus-Schuster-Der-freche-Vogel.jpg" width="94" height="94" srcset="https://www.klausschuster.eu/wp-content/uploads/2014/03/Klaus-Schuster-Der-freche-Vogel.jpg 94w, https://www.klausschuster.eu/wp-content/uploads/2014/03/Klaus-Schuster-Der-freche-Vogel-90x90.jpg 90w" sizes="auto, (max-width: 94px) 100vw, 94px" /></td>
<td valign="top">
<ul>
<li>Sieben überraschende Führungsprinzipien für mutige Manager</li>
<li>Was an keiner Business School gelehrt wird: Frechheit schafft Freiheit</li>
<li>Lästig, mutig, persönlich – authentisch managen</li>
<li>20 Trau-dichs, um mehr Ziele schneller mit weniger Stress zu erreichen</li>
<li>Trau dich, lästig zu fallen, auch dir selbst – aber freundlich</li>
<li>Mach es dir leicht: Warum den schweren Weg gehen, wenn der leichte besser geht?</li>
<li>Sei so leicht! Die Wissenschaft. Mit Appreciative Inquiry und kleinen Schritten zum Ziel</li>
<li>Trau dich! Jetzt!</li>
</ul>
</td>
</tr>
</tbody>
</table>
<p>
	</div>
</div>
</li>
<li><div class='dropdown_box '>
	<a href="#" class="showmore">
		<span class='view_modifier hide' data-show="Show" data-hide="Hide">Show</span> Frech verkaufen. Die Trau-dich-Methode	</a>
	<div class="inner_text hide">
		<p></p>
<table>
<tbody>
<tr>
<td valign="top" width="110"><img loading="lazy" decoding="async" class="alignnone size-full wp-image-505" title="Klaus Schuster Frech verkaufen" alt="Klaus Schuster Frech verkaufen" src="http://www.klausschuster.eu/wp-content/uploads/2014/03/Klaus-Schuster-Frech-verkaufen.jpg" width="94" height="94" srcset="https://www.klausschuster.eu/wp-content/uploads/2014/03/Klaus-Schuster-Frech-verkaufen.jpg 94w, https://www.klausschuster.eu/wp-content/uploads/2014/03/Klaus-Schuster-Frech-verkaufen-90x90.jpg 90w" sizes="auto, (max-width: 94px) 100vw, 94px" /></td>
<td valign="top">
<ul>
<li>Wissen ist Mist. Machen ist Macht. Und Frech macht Umsatz</li>
<li>Der Trau-Dich-Zyklus: Alles für den Kontakt</li>
<li>Trau dich, persönlich zu werden. Sonst sind 30% Umsatz futsch</li>
<li>Trau dich! Kontakte: Lästig sein, mit Witz Charme und einer Prise Intelligenz</li>
<li>Trau dich! Termine: Mit der Camping-Methode sein Zelt im Sekretariat aufstellen</li>
<li>Trau dich! Vorschläge: Dem Kunden vorschlagen, was er morgen braucht</li>
<li>Trau dich! Angebote: Schnellere Angebote bringen schneller Erfolg. Und mehr!</li>
<li>Trau dich! Abschluss: Konkret statt abstrakt. Und die Abschlussformel? Üben, üben, üben!</li>
<li>Trau dich! Empfehlungen: Lästig, persönlich und konkret zu mehr Empfehlungen</li>
</ul>
</td>
</tr>
</tbody>
</table>
<p>
	</div>
</div>
</li>
<li>&#8230; oder zu jedem anderen Thema Ihrer Wahl.</li>
</ul>
</td>
</tr>
<tr>
<td valign="top" width="110"><img loading="lazy" decoding="async" class="alignnone size-full wp-image-489" title="Tina Poje" alt="Tina Poje" src="http://www.klausschuster.eu/wp-content/uploads/2014/03/Tina-Poje.jpg" width="94" height="94" srcset="https://www.klausschuster.eu/wp-content/uploads/2014/03/Tina-Poje.jpg 94w, https://www.klausschuster.eu/wp-content/uploads/2014/03/Tina-Poje-90x90.jpg 90w" sizes="auto, (max-width: 94px) 100vw, 94px" /></td>
<td valign="top"><b>Was möchten Sie gerne hören? </b></p>
<p>Verraten Sie mir Ihr Lieblingsthema für einen exklusiven Vortrag in Ihrem Hause. Für eine erste Kontaktaufnahme freut sich Tina Poje auf Ihren Anruf unter +386.40439536 oder Ihre <a href="mailto:tp@klausschuster.eu">E-Mail</a>.</td>
</tr>
</tbody>
</table>
<p></p>

<p>Tacheles-Vorträge mit Praxis-Power Das Lustige an vielen Vorträgen ist, dass der Referent keinerlei Ahnung von der Praxis hat. Woher auch? Er ist Uni-Prof (nichts gegen Unis oder Profs). Er ist Spitzensportler (nichts gegen Spitzensportler – aber was hat Freeclimbing mit Management zu tun?). Er ist professioneller Redner (aha, er kann Rhetorik – und sonst? Management? [&hellip;]</p>
